t h = l + -402. What are the prime factors of h?
2, 5, 31
Suppose -o - 6 - 5 = 0. Let y(n) = n**3 + 11*n**2 - 11*n - 14. Let p be y(o). Let a = p + 133. List the prime factors of a.
2, 3, 5
Let s = 21322 - 11685. What are the prime factors of s?
23, 419
Let r(z) = 329*z + 426. List the prime factors of r(12).
2, 3
Let d = 89 - 86. Suppose 4*c - 3774 = -d*q, c + 32*q = 33*q + 947. List the prime factors of c.
3, 5, 7
Suppose -4*f + 17276 = -30*p + 27*p, -3*f - p + 12957 = 0. What are the prime factors of f?
7, 617
Suppose -3*b + 0*d - 6*d + 19221 = 0, -3*b = 5*d - 19221. List the prime factors of b.
43, 149
Suppose 86 = 8*a - 10*a. Let q = a + 48. Suppose -8*m = -q*m - 360. What are the prime factors of m?
2, 3, 5
Let g(h) = 5*h - 45. Let u be g(9). Suppose -10*s - 762 + 2032 = u. List the prime factors of s.
127
Let k be -7*12/(-28) - -1. What are the prime factors of (-3 - 5) + 406 - (k - -1)?
3, 131
Let h = 10 + -37. Let z = h - -31. Suppose 0 = -5*k - g + 98 + 92, k - z*g - 17 = 0. What are the prime factors of k?
37
What are the prime factors of ((-22765)/(-8) + 7)/(6/(-8))*-6?
3, 7607
Let l be 18 + -1 + 3 + -2. Suppose 0*r + 10 = -r - 2*b, -2*r - 2*b - l = 0. Let c = 64 - r. What are the prime factors of c?
2, 3
Let c = 11080 + -6350. What are the prime factors of c?
2, 5, 11, 43
Let i be 2/11 + 423/33. Suppose -2*v - i = -v. Let x = 16 - v. List the prime factors of x.
29
Suppose 2*s + 4*v = 30820, 105*s = 107*s - v - 30800. What are the prime factors of s?
2, 3, 17, 151
Suppose -857*v + 2*s = -854*v - 5237, 2*v = 4*s + 3486. What are the prime factors of v?
1747
Let b = -3039 - -14170. List the prime factors of b.
11131
Suppose 0 = 2*h + 2*n - 46, 3*h + 4*n + 124 = 7*h. Let z be (306/h)/((-2)/3). Let k = 254 + z. What are the prime factors of k?
3, 79
Suppose -22620 = -22*w + 2*w. List the prime factors of w.
3, 13, 29
Suppose 6*g + 4 = 2*g, -3*d = -2*g - 146. Let j = d + 346. What are the prime factors of j?
2, 197
Let u(h) = -h**2 - 6*h + 15. Let a be u(-7). Suppose 0 = -2*p + 3*p - a. Let k = p + 67. What are the prime factors of k?
3, 5
Let o(f) = -2946*f - 773. What are the prime factors of o(-17)?
13, 3793
Let h(w) = 6*w + 1040. Suppose 10 = -13*d + 16*d + 5*x, 5*x = -2*d + 10. What are the prime factors of h(d)?
2, 5, 13
Let z(r) = 81 - 103 - 27*r + 262 - 35. What are the prime factors of z(-29)?
2, 13, 19
Let s(d) = 44*d**3 - 5*d**2 + 2*d - 2. Suppose 9*w = -10 + 28. What are the prime factors of s(w)?
2, 167
Suppose 5*i - 2*y - 100 = i, 68 = 3*i + 2*y. List the prime factors of ((-4938)/24)/((-6)/i).
823
Suppose 14580 = -1226*r + 1230*r. What are the prime factors of r?
3, 5
Let r(d) = -827*d + 4. Let g be r(-10). Suppose 711 = 15*c - g. List the prime factors of c.
599
Let n(a) = 1298*a - 8774. What are the prime factors of n(9)?
2, 727
Let u(x) = 2*x**2 + 3*x + 2. Let p = -39 + 39. Let l be u(p). Suppose 3*f = -5*k + 520, -l*f + 4*f - 414 = -4*k. What are the prime factors of k?
101
Suppose 18*j - 11*j = 18*j - 168113. What are the prime factors of j?
17, 29, 31
Let j = 49 - -151. Suppose -918 + j = -2*h. List the prime factors of h.
359
Suppose -k - 6565 = -3*v, -16*v + 12*v + 8764 = 4*k. List the prime factors of v.
11, 199
Suppose -7*k + 58243 = 2*k - 9212. List the prime factors of k.
5, 1499
Let r = -1055 + 1791. Suppose r = 4*s + 140. List the prime factors of s.
149
Let m(t) = -t**2 + 7*t - 5. Let y be m(6). Let x be (2/4)/(y/4). List the prime factors of 2 - (-147 + 2/x).
2, 37
Let p(l) = -l**2 + 267*l + 875. List the prime factors of p(182).
5, 7, 467
Let n(t) = -14*t + 19 - 21 + 10. Let x(g) = -12*g + 9. Let s(k) = -2*n(k) + 3*x(k). What are the prime factors of s(-5)?
3, 17
Suppose 5*p + c = 3870, -24 = c - 29. List the prime factors of p.
773
Suppose -7*g + g = -3562 - 28352. List the prime factors of g.
3, 197
Let d(r) = r**3 - 4*r**2 - 7*r + 11. Let n be d(5). Let l be (-3 + n - 0)*(-6)/4. Suppose 3*z - 718 = -2*z + 2*v, -l*v + 556 = 4*z. List the prime factors of z.
2, 71
Suppose 0 = 3*m + 4*c - 4570, 2*m - 4*c = 6*m - 6088. What are the prime factors of m?
2, 3, 11, 23
Let h = -61 - -62. Let r be -3 - (-6)/h - -5. Suppose 5*u + 294 = r*u. What are the prime factors of u?
2, 7
Let z(l) = 720*l - 5000. What are the prime factors of z(15)?
2, 5, 29
Let z = 102042 + -58344. List the prime factors of z.
2, 3, 7283
Let p = -2058 - -1171. Let w = -610 - p. What are the prime factors of w?
277
Let d = 67 + -67. Suppose -2*h = 5*f - 2269, 447 = f - 3*h - d*h. What are the prime factors of f?
3, 151
Suppose 0 = 2*a - 2*f - 1854, 0 = -16*a + 12*a + f + 3720. What are the prime factors of a?
7, 19
Suppose 804 = 62*d - 64*d. What are the prime factors of (-1)/(-6) - 100/24 - d?
2, 199
Let c(k) = -3*k**3 - 35*k**2 - 191*k - 82. List the prime factors of c(-16).
2, 23, 137
Let c be 3 + -11 - (-2)/(-2). Let v be 0 - 1 - (-63)/c. What are the prime factors of (-19)/(4 + 34/v)?
2, 19
Suppose -4*k - 13 = -1, 5*k + 94360 = 5*d. List the prime factors of d.
18869
Let c(p) = -5*p - 6. Let j be c(-3). List the prime factors of (-52 + j)/((-7)/119).
17, 43
Let d(r) = -12*r**2 + 17*r + 17. Let h be d(13). Let t be 3 + (-66)/24 - h/8. Suppose t = o + 7*o. What are the prime factors of o?
2, 7
Let r be ((-39)/(-6))/(0 + 3/12). Suppose -r*c = -28*c. Suppose -7*j = -c*j - 1680. What are the prime factors of j?
2, 3, 5
Suppose 0 = -3*i + 2*w + 18, -3*w = 22*i - 18*i - 7. Suppose i*z - 1985 - 279 = 0. What are the prime factors of z?
2, 283
Let z be -1 + 2 - (-3 + 5). Let c(s) be the first derivative of -149*s**2/2 + 3*s - 234. What are the prime factors of c(z)?
2, 19
Suppose 7*l = 10*l - 6. Suppose -q - 525 = -l*n + 4*q, -5*q + 300 = n. List the prime factors of n.
5, 11
Let j(y) = -y**2 - 18*y - 36. Let z be j(-16). What are the prime factors of (16/56)/(z/(-6202))?
443
Let t(h) = 20 - 5 + 6*h**2 + 22*h**2 + h - 11*h - 26*h**2. Suppose 5*k - 1 = 34. List the prime factors of t(k).
43
What are the prime factors of (930771/(-12))/(-9) - 3 - 3/(-4)?
2, 3, 359
Let r(d) = -d**3 + 7*d**2 + 17*d + 5. Let p be r(9). Let y(l) = -2*l**2 + 2*l + 29. Let m be y(p). Let b = m + 63. What are the prime factors of b?
2, 13
Let u(j) = j**3 - 39*j**2 + 49*j - 21. What are the prime factors of u(39)?
2, 3, 5, 7
Let x(y) = 1149*y**3 + 2*y**2 - 7*y + 6. Let d = 59 + -58. List the prime factors of x(d).
2, 5, 23
Let i = 392 + 31. Suppose -10911*s - 3262 = -10897*s. Let c = i + s. What are the prime factors of c?
2, 5, 19
Let l = -5408 + 12564. What are the prime factors of l?
2, 1789
Let r(d) = 5*d**2 - 23*d - 7. Suppose -95 = 10*u + 35. List the prime factors of r(u).
3, 379
Suppose 0 = -3*x - 5*z + 24, -3*x + 3*z = -4*x + 8. Suppose 7*b - 1210 = -3*h + x*b, -401 = -h - 2*b. List the prime factors of h.
13, 31
Suppose -5*i = 5*l - 500, 4*i + l - 253 = 147. Suppose i - 28 = 3*z + 3*r, -4*z + 101 = 5*r. Suppose -z = -5*v + 151. List the prime factors of v.
2, 17
Let s(q) = -q**3 - 2*q**2 + 10*q + 10. Let t be s(-4). Suppose -311 = -t*b + 741. List the prime factors of b.
2, 263
Let b(q) = -2*q**3 - 10*q**2 + 20*q + 1. Let s(h) = -4*h**3 - 20*h**2 + 38*h + 2. Let i(z) = -7*b(z) + 3*s(z). What are the prime factors of i(-6)?
83
Let v be 16/6*(-381)/(-127) - (10 - 2). Suppose 2*r + 3*r + 2*n - 4 = 0, 0 = 3*r - 2*n - 12. Suppose r*j - 15 - 1 = v. What are the prime factors of j?
2
Let d(a) = 2*a**2 + 10*a - 5. Let u be d(-5). What are the prime factors of 474 - -5 - 2 - u?
2, 241
Suppose 11302 = 2*g + 5*u, -5*g - u + 22640 = -g. List the prime factors of g.
3, 17, 37
Let w = -37 - -22. Let l be (w/(-2) + -3)*18. Let a = l - -3. What are the prime factors of a?
2, 3, 7
Let l = 38402 + -3983. List the prime factors of l.
3, 7, 11, 149
Suppose 0 = -88*n + 87*n + 165. Suppose 711 = 12*y - n. Suppose 0 = -2*b + y + 111. List the prime factors of b.
2, 23
Suppose 2 = 2*n, 19*n - 17*n = -4*q + 354. Let i = q - -1417. What are the prime factors of i?
5, 7, 43
Let q = -3914 - -4234. List the prime factors of q.
2, 5
Let c = 36 - -41. Let g be 5/(15/6)*(-265)/(-10). Let f = c - g. What are the prime factors of f?
2, 3
Let f(g) = 2*g - 41. Let o be f(23). Suppose -y - o*w - 102 = 0, y + w = 2*y + 108. Let u = y + 245. What are the prime factors of u?
2, 3, 23
Let v(k) =